when 42533 is divided by 409?
406
What is the remainder when 23601 is divided by 360?
201
Calculate the remainder when 10305 is divided by 6.
3
What is the remainder when 283809 is divided by 1831?
4
Calculate the remainder when 1987 is divided by 10.
7
Calculate the remainder when 254879 is divided by 10.
9
What is the remainder when 855829 is divided by 23?
22
Calculate the remainder when 1998 is divided by 411.
354
What is the remainder when 243362 is divided by 125?
112
Calculate the remainder when 9459 is divided by 186.
159
Calculate the remainder when 22094 is divided by 1223.
80
Calculate the remainder when 104304 is divided by 3725.
4
What is the remainder when 6154 is divided by 42?
22
What is the remainder when 446068 is divided by 307?
304
Calculate the remainder when 624221 is divided by 141.
14
Calculate the remainder when 74373 is divided by 125.
123
Calculate the remainder when 13376 is divided by 3339.
20
Calculate the remainder when 343754 is divided by 73.
70
Calculate the remainder when 90719 is divided by 20.
19
What is the remainder when 6791 is divided by 117?
5
Calculate the remainder when 299044 is divided by 59806.
14
Calculate the remainder when 557 is divided by 268.
21
Calculate the remainder when 1070 is divided by 74.
34
What is the remainder when 176594 is divided by 98?
96
What is the remainder when 705440 is divided by 583?
10
What is the remainder when 22789 is divided by 21?
4
Calculate the remainder when 135176 is divided by 258.
242
Calculate the remainder when 21096 is divided by 1166.
108
Calculate the remainder when 49126 is divided by 24544.
38
Calculate the remainder when 15877 is divided by 19.
12
Calculate the remainder when 690780 is divided by 690768.
12
What is the remainder when 590 is divided by 242?
106
Calculate the remainder when 2531 is divided by 806.
113
Calculate the remainder when 17788 is divided by 144.
76
What is the remainder when 25152 is divided by 6268?
80
Calculate the remainder when 42731 is divided by 143.
117
Calculate the remainder when 5083 is divided by 60.
43
What is the remainder when 9373 is divided by 2807?
952
Calculate the remainder when 9281 is divided by 2998.
287
Calculate the remainder when 14144 is divided by 1413.
14
What is the remainder when 194061 is divided by 16?
13
What is the remainder when 23381 is divided by 11680?
21
Calculate the remainder when 494840 is divided by 21.
17
What is the remainder when 5129 is divided by 352?
201
Calculate the remainder when 576059 is divided by 4.
3
What is the remainder when 6568 is divided by 263?
256
What is the remainder when 1764 is divided by 295?
289
What is the remainder when 32517 is divided by 665?
597
Calculate the remainder when 36246 is divided by 240.
6
Calculate the remainder when 13548 is divided by 6744.
60
Calculate the remainder when 4630 is divided by 96.
22
Calculate the remainder when 367 is divided by 367.
0
What is the remainder when 14954 is divided by 7474?
6
Calculate the remainder when 572372 is divided by 51.
50
What is the remainder when 57778 is divided by 286?
6
Calculate the remainder when 32999 is divided by 55.
54
What is the remainder when 13600 is divided by 12?
4
Calculate the remainder when 236 is divided by 188.
48
What is the remainder when 550318 is divided by 423?
418
Calculate the remainder when 63371 is divided by 5761.
0
What is the remainder when 3120 is divided by 1547?
26
Calculate the remainder when 320431 is divided by 51.
49
What is the remainder when 81630 is divided by 897?
3
What is the remainder when 2488 is divided by 840?
808
Calculate the remainder when 58139 is divided by 340.
339
Calculate the remainder when 5281 is divided by 783.
583
Calculate the remainder when 193838 is divided by 487.
12
Calculate the remainder when 4027 is divided by 64.
59
Calculate the remainder when 5251 is divided by 1096.
867
What is the remainder when 332309 is divided by 331?
316
Calculate the remainder when 99603 is divided by 83.
3
What is the remainder when 5702 is divided by 398?
130
Calculate the remainder when 41597 is divided by 190.
177
What is the remainder when 54447 is divided by 50?
47
What is the remainder when 370893 is divided by 35?
33
What is the remainder when 378135 is divided by 140?
135
Calculate the remainder when 6323 is divided by 58.
1
Calculate the remainder when 81409 is divided by 23.
12
Calculate the remainder when 2241479 is divided by 30.
29
What is the remainder when 1242 is divided by 30?
12
Calculate the remainder when 44641 is divided by 349.
318
What is the remainder when 49656 is divided by 137?
62
What is the remainder when 35417 is divided by 1694?
1537
What is the remainder when 49398 is divided by 24694?
10
What is the remainder when 81374 is divided by 92?
46
What is the remainder when 28125 is divided by 180?
45
Calculate the remainder when 1969 is divided by 73.
71
What is the remainder when 51159 is divided by 2?
1
Calculate the remainder when 33414 is divided by 5569.
0
What is the remainder when 14777 is divided by 220?
37
What is the remainder when 76705 is divided by 271?
12
Calculate the remainder when 17801 is divided by 779.
663
What is the remainder when 2821 is divided by 427?
259
What is the remainder when 63537 is divided by 407?
45
Calculate the remainder when 129328 is divided by 479.
477
What is the remainder when 45963 is divided by 29?
27
Calculate the remainder when 563402 is divided by 401.
398
What is the remainder when 3016 is divided by 81?
19
Calculate the remainder when 3616 is divided by 147.
88
Calculate the remainder when 909 is divided by 27.
18
What is the remainder when 932 is divided by 812?
120
What is the remainder when 32812 is divided by 56?
52
What is the remainder when 46325 is divided by 141?
77
Calculate the remainder when 37687 is divided by 19.
10
What is the remainder when 31414 is divided by 21?
19
What is the remainder when 5848 is divided by 158?
2
Calculate the remainder when 352 is divided by 346.
6
What is the remainder when 4422 is divided by 184?
6
What is the remainder when 936 is divided by 117?
0
Calculate the remainder when 1995639 is divided by 128.
119
Calculate the remainder when 29798 is divided by 418.
120
What is the remainder when 10971 is divided by 438?
21
Calculate the remainder when 71383 is divided by 1276.
1203
Calculate the remainder when 1514 is divided by 217.
212
Calculate the remainder when 5703 is divided by 148.
79
Calculate the remainder when 7884 is divided by 461.
47
Calculate the remainder when 189875 is divided by 26.
23
What is the remainder when 35016 is divided by 34987?
29
What is the remainder when 747 is divided by 27?
18
What is the remainder when 416032 is divided by 41602?
12
Calculate the remainder when 240371 is divided by 447.
332
What is the remainder when 65899 is divided by 474?
13
What is the remainder when 4848 is divided by 191?
73
What is the remainder when 6108 is divided by 135?
33
Calculate the remainder when 814 is divided by 4.
2
Calculate the remainder when 5509 is divided by 40.
29
What is the remainder when 7726 is divided by 7694?
32
What is the remainder when 68167 is divided by 8?
7
What is the remainder when 269793 is divided by 38536?
41
Calculate the remainder when 21329 is divided by 44.
33
What is the remainder when 1313 is divided by 329?
326
Calculate the remainder when 7158 is divided by 1701.
354
Calculate the remainder when 525 is divided by 6.
3
What is the remainder when 9960326 is divided by 392?
390
What is the remainder when 57607 is divided by 49?
32
What is the remainder when 405320 is divided by 19?
12
Calculate the remainder when 8676 is divided by 619.
10
Calculate the remainder when 9193 is divided by 1530.
13
What is the remainder when 14134 is divided by 2018?
8
What is the remainder when 479258 is divided by 787?
762
Calculate the remainder when 4782 is divided by 581.
134
Calculate the remainder when 4880 is divided by 305.
0
Calculate the remainder when 60968 is divided by 15234.
32
Calculate the remainder when 1054 is divided by 130.
14
Calculate the remainder when 343168 is divided by 85779.
52
What is the remainder when 25807 is divided by 178?
175
What is the remainder when 64216 is divided by 61